{"id":23,"date":"2022-02-04T17:40:08","date_gmt":"2022-02-04T16:40:08","guid":{"rendered":"http:\/\/praworolnika.pl\/?page_id=23"},"modified":"2022-02-25T15:37:06","modified_gmt":"2022-02-25T14:37:06","slug":"polityka-prywatnosci-2","status":"publish","type":"page","link":"https:\/\/praworolnika.pl\/?page_id=23","title":{"rendered":"Polityka prywatno\u015bci"},"content":{"rendered":"\t\t<div data-elementor-type=\"wp-page\" data-elementor-id=\"23\" class=\"elementor elementor-23\">\n\t\t\t\t\t\t<section class=\"elementor-section elementor-top-section elementor-element elementor-element-ca29c56 elementor-section-boxed elementor-section-height-default elementor-section-height-default\" data-id=\"ca29c56\" data-element_type=\"section\">\n\t\t\t\t\t\t<div class=\"elementor-container elementor-column-gap-default\">\n\t\t\t\t\t<div class=\"elementor-column elementor-col-100 elementor-top-column elementor-element elementor-element-ad6784f\" data-id=\"ad6784f\" data-element_type=\"column\">\n\t\t\t<div class=\"elementor-widget-wrap elementor-element-populated\">\n\t\t\t\t\t\t<div class=\"elementor-element elementor-element-43410da elementor-widget elementor-widget-text-editor\" data-id=\"43410da\" data-element_type=\"widget\" data-widget_type=\"text-editor.default\">\n\t\t\t\t<div class=\"elementor-widget-container\">\n\t\t\t\t\t\t\t<p>Polityka prywatno\u015bci praworolnika.pl:<\/p><ol><li>Niniejsza Polityka Prywatno\u015bci okre\u015bla zasady gromadzenia, przetwarzania i wykorzystywania danych osobowych pozyskanych na stronie praworolnika.pl<\/li><li>Niniejsza polityka stanowi jednocze\u015bnie realizacj\u0119 obowi\u0105zk\u00f3w Administratora okre\u015blonych w art. 13 i 14 Og\u00f3lnego Rozporz\u0105dzenia.<\/li><li>W\u0142a\u015bcicielem praworolnika.pl i jednocze\u015bnie Administratorem Danych Osobowych jest Przemys\u0142aw Wojtylak prowadz\u0105cy dzia\u0142alno\u015b\u0107 gospodarcz\u0105 pod firma Kancelaria Radcy Prawnego<br \/><br \/><strong>Spos\u00f3b zbierania danych osobowych<\/strong><\/li><\/ol><ol><li>Dane osobowe mog\u0105 by\u0107 tak\u017ce zbierane za pomoc\u0105 plik\u00f3w cookies (o kt\u00f3rych mowa w dalszej cz\u0119\u015bci polityki) zawieraj\u0105cych numery IP.<\/li><li>Podczas korzystania ze stron praworolnika.pl pobierane s\u0105, za pomoc\u0105 plik\u00f3w cookies, automatycznie dodatkowe informacje (adres IP przypisany do Twojego komputera lub zewn\u0119trzny adres IP dostawcy Internetu, nazwa domeny, rodzaj przegl\u0105darki, czas dost\u0119pu, typ systemu operacyjnego), kt\u00f3re mog\u0105 by\u0107 w okre\u015blonych okoliczno\u015bciach danymi osobowymi. Mog\u0105 mog\u0105 by\u0107 tak\u017ce gromadzone dane nawigacyjne, w tym informacje o linkach i odno\u015bnikach, w kt\u00f3re zdecyduj\u0105 si\u0119 klikn\u0105\u0107 lub innych czynno\u015bciach, podejmowanych na praworolnika.pl.<br \/><br \/><strong>Jak i w jakim celu wykorzystujemy zebrane dane?<\/strong><\/li><\/ol><ol><li>Pliki cookies mog\u0105 by\u0107 wykorzystywane w celu zapewnienia U\u017cytkownikom lepszej obs\u0142ugi, analizy danych statystycznych i dostosowania praworolnika.pl do preferencji U\u017cytkownik\u00f3w.<\/li><li>Zgromadzone dane osobowe wykorzystujemy w nast\u0119puj\u0105cy spos\u00f3b:<\/li><li>podj\u0119cia dzia\u0142a\u0144 zmierzaj\u0105cych do zawarcia lub zmiany umowy, lub podj\u0119cia nowego zlecenia, takich jak: z\u0142o\u017cenie oferty, korespondencja w sprawie uzgodnienia warunk\u00f3w umowy, (podstawa prawna: art. 6 ust. 1 lit. b) RODO);<\/li><li>realizacji um\u00f3w zawieranych z Administratorem przez Klienta, co oznacza m.in. kontakt telefoniczny, listowny<br \/>i za po\u015brednictwem e-mail (podstawa prawna: art. 6 ust. 1 lit. b) RODO);<\/li><li>wykonania ci\u0105\u017c\u0105cych na Administratorze obowi\u0105zk\u00f3w prawnych i ksi\u0119gowych, np. wystawienie faktury, przechowywania dokumentacji ksi\u0119gowej, co stanowi uzasadniony interes Administratora (podstawa prawna: art. 6 ust. 1 lit. f RODO);<\/li><li>wewn\u0119trznych cel\u00f3w Administratora takich jak, np. praca nad ulepszaniem obs\u0142ugi klienta, czy analiza finansowa stanowi\u0105ca realizacj\u0119 prawnie uzasadnionego interesu Administratora (podstawa prawna: art. 6 ust. 1 lit. f) RODO);<\/li><li>w celu oferowania przez Administratora produkt\u00f3w i us\u0142ug bezpo\u015brednio (podstawa prawna: art. 6 ust. 1 lit. f RODO);\u00a0<\/li><li>w celu ewentualnego dochodzenia lub obrony przed roszczeniami, a tak\u017ce w celach archiwalnych prowadzonych na wypadek, wskazanej przepisami prawa, potrzeby wykazania okre\u015blonych okoliczno\u015bci, co stanowi realizacj\u0119 prawnie uzasadnionego interesu Administratora (podstawa prawna: art. 6 ust. 1 lit. f) RODO)<\/li><li>analizy precefencji u\u017cytkownik\u00f3w i analizy danych statystycznych za pomoc\u0105 plik\u00f3w cookies co stanowi realizacj\u0119 prawnie uzasadnionego interesu Administratora (podstawa prawna: art. 6 ust. 1 lit. f) RODO)<br \/><br \/><strong>Mechanizm Cookies, Adres IP<\/strong><\/li><\/ol><ol><li>pl u\u017cywa niewielkich plik\u00f3w zwanych cookies. Zapisywane s\u0105 one na komputerze osoby odwiedzaj\u0105cej praworolnika.pl oczywi\u015bcie je\u017celi przegl\u0105darka internetowa na to pozwala. Plik cookie zwykle zawiera nazw\u0119 domeny, z kt\u00f3rej pochodzi, sw\u00f3j \u201eczas wyga\u015bni\u0119cia&#8221; oraz indywidualn\u0105, losowo wybran\u0105 liczb\u0119 identyfikuj\u0105c\u0105 ten plik<\/li><li>Wykorzystuj\u0105c pliki cookies mo\u017cemy w ograniczonym zakresie przetwarza\u0107 dane osobowe w celu personalizacji strony internetowej oraz jej optymalizacji, tworzenia statystyk odwiedzin strony oraz zapami\u0119tywania danych i wybor\u00f3w u\u017cytkownika co stanowi uzasadniony interes Administratora(podstawa prawna: art. 6 ust. 1 lit. f Rozporz\u0105dzenia Parlamentu Europejskiego i Rady (UE) 2016\/679 z dnia 27 kwietnia 2016 r. w sprawie ochrony os\u00f3b fizycznych w zwi\u0105zku z przetwarzaniem danych osobowych i w sprawie swobodnego przep\u0142ywu takich danych oraz uchylenia dyrektywy 95\/46\/WE). Dane b\u0119d\u0105 przechowywane do momentu wyga\u015bni\u0119cia ciasteczek, lub usuni\u0119cia ich prze Pana\/Pani\u0105.<\/li><li>Wchodz\u0105c pierwszy raz na stron\u0119 kancelariawojtylak, na dole strony pojawi si\u0119 komunikat dotycz\u0105cy korzystania z plik\u00f3w cookies, gdzie masz mo\u017cliwo\u015b\u0107 odrzucenia korzystania przez z ww. plik\u00f3w. Akceptuj\u0105c pliki cookies, akceptujesz tak\u017ce pliki wykorzystywane przy wsp\u00f3\u0142pracy z Google (o czym mowa poni\u017cej), kt\u00f3rzy mog\u0105 przekazywa\u0107 dane, w tym potencjalnie dane osobowe, poza obszar Unii Europejskiej oraz Europejskiego Obszaru Gospodarczego nieposiadaj\u0105cego odpowiedniego poziomu ochrony danych osobowych, w tym w szczeg\u00f3lno\u015bci do Stan\u00f3w Zjednoczonych Ameryki P\u00f3\u0142nocnej (dalej: USA). W zwi\u0105zku z powy\u017cszym istnieje mo\u017cliwo\u015b\u0107, \u017ce nieuprawnione podmioty, w tym w szczeg\u00f3lno\u015bci w\u0142adze pa\u0144stwowe USA mog\u0105 uzyska\u0107 dost\u0119p do tych danych.<\/li><li>Poni\u017cej znajduj\u0105 si\u0119 odes\u0142ania do instrukcji okre\u015blania dost\u0119pu plik\u00f3w cookies (w tym wy\u0142\u0105czenia w ca\u0142o\u015bci) w najpopularniejszych przegl\u0105darkach internetowych:a. Firefox (zobacz ustawienia przegl\u0105darki),<\/li><\/ol><p>Chrome,<\/p><p>EDGE,<\/p><p>Opera,<\/p><p>Safari.<\/p><ol start=\"5\"><li>pl mo\u017ce zawiera\u0107 linki i odno\u015bniki do innych stron internetowych i nie ponosi odpowiedzialno\u015bci za zasady ochrony prywatno\u015bci na nich obowi\u0105zuj\u0105ce. Z tego powodu zach\u0119camy Ciebie, by po przej\u015bciu za po\u015brednictwem praworolnika.pl na stron\u0119 zarz\u0105dzan\u0105 przez innego administratora, zapozna\u0107 si\u0119 z polityk\u0105 prywatno\u015bci tam przyj\u0119t\u0105.<\/li><li>Ze wzgl\u0119du na interes w\u0142asny, a dok\u0142adniej ze wzgl\u0119du na interes w jak najlepszym dostosowaniu praworolnika.pl do potrzeb Klient\u00f3w, maksymalizacji efektywno\u015bci obs\u0142ugi, budowania wiedzy o Klientach i ich potrzebach w rozumieniu art. 6 ust. 1 lit. f) RODO w przypadku odwiedzania stron internetowych Administratora, korzystamy z narz\u0119dzi Google (AdWords). Google wykorzystuje pliki cookies i przez swoje dzia\u0142anie mo\u017ce by\u0107 uznane za zautomatyzowane dzia\u0142anie, w tym profilowanie. Je\u017celi chcesz zablokowa\u0107 mo\u017cliwo\u015b\u0107 korzystania ze swoich danych w formie ciasteczek, w ka\u017cdej chwili mo\u017cesz uniemo\u017cliwi\u0107 instalowanie plik\u00f3w cookie przez nasz\u0105 stron\u0119 internetow\u0105 dzi\u0119ki odpowiedniemu ustawieniu przegl\u0105darki internetowej i w ten spos\u00f3b trwale zapobiec instalowaniu plik\u00f3w cookie.<\/li><li>pl nie planuje przekazywania danych osobowych do pa\u0144stw spoza Europejskiego Obszaru Gospodarczego, jednak\u017ce w zwi\u0105zku z tym, i\u017c na chwil\u0119 obecn\u0105 nie ma mo\u017cliwo\u015bci ograniczenia przetwarzania przez Google danych osobowych jedynie do terenu Europejskiego Obszaru Gospodarczego, istnieje mo\u017cliwo\u015b\u0107, i\u017c cz\u0119\u015b\u0107 danych zostanie zapisana na serwerach Google poza tym obszarem. Google stosuje tak\u017ce standardowe klauzule umowne zgodnie z art 46 RODO (wi\u0119cej <a href=\"https:\/\/support.google.com\/adspolicy\/answer\/10042247?hl=pl\">tutaj<\/a>) Jednocze\u015bnie sam mo\u017cesz zadba\u0107 o to, by Google, tak\u017ce na innych stronach nie uzyskiwa\u0142o informacji na temat Twojego adresu IP poprzez instalacje nast\u0119puj\u0105cej wtyczki (link) lub za pomoc\u0105 ustawie\u0144 przegl\u0105darki. W zakresie informacji o preferencjach u\u017cytkownika gromadzonych przez sie\u0107 reklamow\u0105 Google u\u017cytkownik mo\u017ce przegl\u0105da\u0107 i edytowa\u0107 informacje wynikaj\u0105ce z plik\u00f3w cookies przy pomocy stosownego narz\u0119dzia (link). Polityka prywatno\u015bci Google (link).<br \/><br \/><strong>Dost\u0119p do danych i okres ich przechowywania<\/strong><\/li><\/ol><ol><li>Do danych osobowych zbieranych przez praworolnika.pl maj\u0105 bezpo\u015bredni dost\u0119p jedynie uprawnieni pracownicy Kancelarii Radcy Prawnego Przemys\u0142aw Wojtylak. Ponadto zebrane dane osobowe przekazujemy naszym dostawcom kt\u00f3rym zlecimy us\u0142ugi zwi\u0105zane z przetwarzaniem danych osobowych, np. biuro rachunkowe, firmy spedycyjne, firmy kurierskie, lub dostawc\u00f3w naszych us\u0142ug jak np. firma hostingowa, gdzie Twoje dane s\u0105 przechowywane.<\/li><li>Twoje dane mog\u0105 by\u0107 tak\u017ce udost\u0119pniane podmiotom uprawnionym do ich otrzymania na mocy obowi\u0105zuj\u0105cych przepis\u00f3w prawa, w szczeg\u00f3lno\u015bci w\u0142a\u015bciwym organom wymiaru sprawiedliwo\u015bci.<\/li><li>Przetwarzane przez nas dane osobowe b\u0119dziemy przechowywa\u0107 przez nast\u0119puj\u0105cy okres:<\/li><li>w zakresie zawarcia i realizacji umowy, ustalenia, dochodzenia lub obrony przed roszczeniami dane b\u0119d\u0105 przechowywane do czasu zako\u0144czenia jej realizacji, a po tym czasie mog\u0105 by\u0107 przechowywane przez okres wymagany przez przepisy prawa lub dla zabezpieczenia ewentualnych roszcze\u0144 (okres przedawnienia),<\/li><li>w zakresie danych przetwarzanych w celu wykonania obowi\u0105zk\u00f3w prawnych dane osobowe b\u0119d\u0105 przechowywane przez czas, w kt\u00f3rym przepisy nakazuj\u0105 Administratorowi przechowywa\u0107 dane, np. dokumentacja podatkowa musi by\u0107 przechowywana przez okres co najmniej 5 lat lub w niekt\u00f3rych przypadkach przez d\u0142u\u017cszy okres czasu,<\/li><li>w zakresie wewn\u0119trznych cel\u00f3w administracyjnych oraz do cel\u00f3w archiwalnych dane b\u0119d\u0105 przechowywane do czasu wype\u0142nienia prawnie uzasadnionych interes\u00f3w Administratora stanowi\u0105cych podstaw\u0119 przetwarzania danych,<\/li><li>w zakresie danych przetwarzanych na podstawie zgody dane osobowe b\u0119d\u0105 przechowywane do momentu wycofania zgody, ustalenia przez Administratora, \u017ce dane osobowe si\u0119 zdezaktualizowa\u0142y lub usta\u0142 cel ich przetwarzania.<br \/><br \/><strong>Prawa zwi\u0105zane z przetwarzaniem danych osobowych<\/strong><\/li><\/ol><ol><li>Osobom kt\u00f3rych dane osobowe s\u0105 przetwarzane, przys\u0142uguj\u0105 nast\u0119puj\u0105ce prawa:<\/li><li>a) prawo dost\u0119pu do danych osobowych,<\/li><li>b) prawo \u017c\u0105dania sprostowania danych osobowych,<\/li><li>c) prawo \u017c\u0105dania usuni\u0119cia danych osobowych o ile przepisy szczeg\u00f3lne oraz obowi\u0105zki wynikaj\u0105ce ze z\u0142o\u017cenia oferty i udzia\u0142u w post\u0119powaniach, nie wykluczaj\u0105 takiej mo\u017cliwo\u015bci, ,<\/li><li>d) prawo \u017c\u0105dania ograniczenia przetwarzania danych osobowych,<\/li><li>e) prawo wyra\u017cenia sprzeciwu wobec przetwarzania danych ze wzgl\u0119du na szczeg\u00f3ln\u0105 sytuacj\u0119 osoby kt\u00f3rej dane s\u0105 przetwarzane,<\/li><li>f) prawo do przenoszenia danych osobowych,<\/li><li>g) prawo do wycofania, w ka\u017cdym momencie, zgody na przetwarzanie danych osobowych. Cofni\u0119cie zgody nie wp\u0142ywa na zgodno\u015b\u0107 z prawem przetwarzania, kt\u00f3rego dokonano na podstawie zgody przed jej wycofaniem,<\/li><li>h) prawo wniesienia skargi do Prezesa Urz\u0119du Ochrony Danych Osobowych .<\/li><\/ol><ol start=\"2\"><li>Kancelaria Radcy Prawnego Przemys\u0142aw Wojtylak nie przetwarza danych w celu podejmowania decyzji w spos\u00f3b zautomatyzowany .<\/li><li>W celu skorzystania z powy\u017cszych praw lub uzyskania na ich temat szczeg\u00f3\u0142owych informacji nale\u017cy skontaktowa\u0107 si\u0119 z nami, najlepiej na nasz adres e-mail: <a href=\"mailto:biuro@kancelariawojtylak.pl\">biuro@kancelariawojtylak.pl<\/a><\/li><li>Wy\u017cej wymienione prawa mog\u0105 by\u0107 ograniczone na podstawie przepis\u00f3w szczeg\u00f3\u0142owych RODO lub powszechnie obowi\u0105zuj\u0105cych przepis\u00f3w prawa.<\/li><li>Podanie danych osobowych jest niezb\u0119dne do realizacji us\u0142ugi i brak ich podania uniemo\u017cliwia zawarcie i realizacj\u0119 us\u0142ugi, za wyj\u0105tkiem danych osobowych udzielonych w ramach zgody (np. na korzystanie z plik\u00f3w cookies lub na wysy\u0142k\u0119 biuletynu informacyjnego) &#8211; podanie tych danych nie jest niezb\u0119dne dla zawarcia i realizacji us\u0142ugi. Jednak\u017ce w przypadku plik\u00f3w cookies o charakterze systemowym dla praworolnika.pl ich podanie jest niezb\u0119dne do prawid\u0142owego funkcjonowania strony.<br \/><br \/><strong>Zmiany Polityki Prywatno\u015bci<\/strong><\/li><\/ol><ol><li>Kancelaria Radcy Prawnego Przemys\u0142aw Wojtylak zastrzega sobie prawo do wprowadzania zmian w Polityce Prywatno\u015bci.<\/li><li>Jakiekolwiek dodatkowe pytania zwi\u0105zane z Polityk\u0105 Prywatno\u015bci prosimy kierowa\u0107 na adres: biuro@kancelariawojtylak.pl<\/li><\/ol><p>\u00a0<\/p>\t\t\t\t\t\t<\/div>\n\t\t\t\t<\/div>\n\t\t\t\t\t<\/div>\n\t\t<\/div>\n\t\t\t\t\t<\/div>\n\t\t<\/section>\n\t\t\t\t<\/div>\n\t\t","protected":false},"excerpt":{"rendered":"<p>Polityka prywatno\u015bci praworolnika.pl: Niniejsza Polityka Prywatno\u015bci okre\u015bla zasady gromadzenia, przetwarzania i wykorzystywania danych osobowych pozyskanych na stronie praworolnika.pl Niniejsza polityka stanowi jednocze\u015bnie realizacj\u0119 obowi\u0105zk\u00f3w Administratora okre\u015blonych w art. 13 i&#8230;<\/p>\n","protected":false},"author":1,"featured_media":0,"parent":0,"menu_order":0,"comment_status":"closed","ping_status":"closed","template":"","meta":{"footnotes":""},"class_list":["post-23","page","type-page","status-publish","hentry"],"yoast_head":"<!-- This site is optimized with the Yoast SEO plugin v19.3 - https:\/\/yoast.com\/wordpress\/plugins\/seo\/ -->\n<title>Polityka prywatno\u015bci - praworolnika.pl<\/title>\n<meta name=\"robots\" content=\"index, follow, max-snippet:-1, max-image-preview:large, max-video-preview:-1\" \/>\n<link rel=\"canonical\" href=\"https:\/\/praworolnika.pl\/?page_id=23\" \/>\n<meta property=\"og:locale\" content=\"pl_PL\" \/>\n<meta property=\"og:type\" content=\"article\" \/>\n<meta property=\"og:title\" content=\"Polityka prywatno\u015bci - praworolnika.pl\" \/>\n<meta property=\"og:description\" content=\"Polityka prywatno\u015bci praworolnika.pl: Niniejsza Polityka Prywatno\u015bci okre\u015bla zasady gromadzenia, przetwarzania i wykorzystywania danych osobowych pozyskanych na stronie praworolnika.pl Niniejsza polityka stanowi jednocze\u015bnie realizacj\u0119 obowi\u0105zk\u00f3w Administratora okre\u015blonych w art. 13 i...\" \/>\n<meta property=\"og:url\" content=\"https:\/\/praworolnika.pl\/?page_id=23\" \/>\n<meta property=\"og:site_name\" content=\"praworolnika.pl\" \/>\n<meta property=\"article:modified_time\" content=\"2022-02-25T14:37:06+00:00\" \/>\n<meta name=\"twitter:card\" content=\"summary_large_image\" \/>\n<meta name=\"twitter:label1\" content=\"Szacowany czas czytania\" \/>\n\t<meta name=\"twitter:data1\" content=\"9 minut\" \/>\n<script type=\"application\/ld+json\" class=\"yoast-schema-graph\">{\"@context\":\"https:\/\/schema.org\",\"@graph\":[{\"@type\":\"Organization\",\"@id\":\"https:\/\/praworolnika.pl\/#organization\",\"name\":\"praworolnika.pl\",\"url\":\"https:\/\/praworolnika.pl\/\",\"sameAs\":[],\"logo\":{\"@type\":\"ImageObject\",\"inLanguage\":\"pl-PL\",\"@id\":\"https:\/\/praworolnika.pl\/#\/schema\/logo\/image\/\",\"url\":\"https:\/\/praworolnika.pl\/wp-content\/uploads\/2022\/02\/cropped-praworolnika.pl_.png\",\"contentUrl\":\"https:\/\/praworolnika.pl\/wp-content\/uploads\/2022\/02\/cropped-praworolnika.pl_.png\",\"width\":390,\"height\":198,\"caption\":\"praworolnika.pl\"},\"image\":{\"@id\":\"https:\/\/praworolnika.pl\/#\/schema\/logo\/image\/\"}},{\"@type\":\"WebSite\",\"@id\":\"https:\/\/praworolnika.pl\/#website\",\"url\":\"https:\/\/praworolnika.pl\/\",\"name\":\"praworolnika.pl\",\"description\":\"\",\"publisher\":{\"@id\":\"https:\/\/praworolnika.pl\/#organization\"},\"potentialAction\":[{\"@type\":\"SearchAction\",\"target\":{\"@type\":\"EntryPoint\",\"urlTemplate\":\"https:\/\/praworolnika.pl\/?s={search_term_string}\"},\"query-input\":\"required name=search_term_string\"}],\"inLanguage\":\"pl-PL\"},{\"@type\":\"WebPage\",\"@id\":\"https:\/\/praworolnika.pl\/?page_id=23\",\"url\":\"https:\/\/praworolnika.pl\/?page_id=23\",\"name\":\"Polityka prywatno\u015bci - praworolnika.pl\",\"isPartOf\":{\"@id\":\"https:\/\/praworolnika.pl\/#website\"},\"datePublished\":\"2022-02-04T16:40:08+00:00\",\"dateModified\":\"2022-02-25T14:37:06+00:00\",\"breadcrumb\":{\"@id\":\"https:\/\/praworolnika.pl\/?page_id=23#breadcrumb\"},\"inLanguage\":\"pl-PL\",\"potentialAction\":[{\"@type\":\"ReadAction\",\"target\":[\"https:\/\/praworolnika.pl\/?page_id=23\"]}]},{\"@type\":\"BreadcrumbList\",\"@id\":\"https:\/\/praworolnika.pl\/?page_id=23#breadcrumb\",\"itemListElement\":[{\"@type\":\"ListItem\",\"position\":1,\"name\":\"Home\",\"item\":\"https:\/\/praworolnika.pl\/\"},{\"@type\":\"ListItem\",\"position\":2,\"name\":\"Polityka prywatno\u015bci\"}]}]}<\/script>\n<!-- \/ Yoast SEO plugin. -->","yoast_head_json":{"title":"Polityka prywatno\u015bci - praworolnika.pl","robots":{"index":"index","follow":"follow","max-snippet":"max-snippet:-1","max-image-preview":"max-image-preview:large","max-video-preview":"max-video-preview:-1"},"canonical":"https:\/\/praworolnika.pl\/?page_id=23","og_locale":"pl_PL","og_type":"article","og_title":"Polityka prywatno\u015bci - praworolnika.pl","og_description":"Polityka prywatno\u015bci praworolnika.pl: Niniejsza Polityka Prywatno\u015bci okre\u015bla zasady gromadzenia, przetwarzania i wykorzystywania danych osobowych pozyskanych na stronie praworolnika.pl Niniejsza polityka stanowi jednocze\u015bnie realizacj\u0119 obowi\u0105zk\u00f3w Administratora okre\u015blonych w art. 13 i...","og_url":"https:\/\/praworolnika.pl\/?page_id=23","og_site_name":"praworolnika.pl","article_modified_time":"2022-02-25T14:37:06+00:00","twitter_card":"summary_large_image","twitter_misc":{"Szacowany czas czytania":"9 minut"},"schema":{"@context":"https:\/\/schema.org","@graph":[{"@type":"Organization","@id":"https:\/\/praworolnika.pl\/#organization","name":"praworolnika.pl","url":"https:\/\/praworolnika.pl\/","sameAs":[],"logo":{"@type":"ImageObject","inLanguage":"pl-PL","@id":"https:\/\/praworolnika.pl\/#\/schema\/logo\/image\/","url":"https:\/\/praworolnika.pl\/wp-content\/uploads\/2022\/02\/cropped-praworolnika.pl_.png","contentUrl":"https:\/\/praworolnika.pl\/wp-content\/uploads\/2022\/02\/cropped-praworolnika.pl_.png","width":390,"height":198,"caption":"praworolnika.pl"},"image":{"@id":"https:\/\/praworolnika.pl\/#\/schema\/logo\/image\/"}},{"@type":"WebSite","@id":"https:\/\/praworolnika.pl\/#website","url":"https:\/\/praworolnika.pl\/","name":"praworolnika.pl","description":"","publisher":{"@id":"https:\/\/praworolnika.pl\/#organization"},"potentialAction":[{"@type":"SearchAction","target":{"@type":"EntryPoint","urlTemplate":"https:\/\/praworolnika.pl\/?s={search_term_string}"},"query-input":"required name=search_term_string"}],"inLanguage":"pl-PL"},{"@type":"WebPage","@id":"https:\/\/praworolnika.pl\/?page_id=23","url":"https:\/\/praworolnika.pl\/?page_id=23","name":"Polityka prywatno\u015bci - praworolnika.pl","isPartOf":{"@id":"https:\/\/praworolnika.pl\/#website"},"datePublished":"2022-02-04T16:40:08+00:00","dateModified":"2022-02-25T14:37:06+00:00","breadcrumb":{"@id":"https:\/\/praworolnika.pl\/?page_id=23#breadcrumb"},"inLanguage":"pl-PL","potentialAction":[{"@type":"ReadAction","target":["https:\/\/praworolnika.pl\/?page_id=23"]}]},{"@type":"BreadcrumbList","@id":"https:\/\/praworolnika.pl\/?page_id=23#breadcrumb","itemListElement":[{"@type":"ListItem","position":1,"name":"Home","item":"https:\/\/praworolnika.pl\/"},{"@type":"ListItem","position":2,"name":"Polityka prywatno\u015bci"}]}]}},"_links":{"self":[{"href":"https:\/\/praworolnika.pl\/index.php?rest_route=\/wp\/v2\/pages\/23","targetHints":{"allow":["GET"]}}],"collection":[{"href":"https:\/\/praworolnika.pl\/index.php?rest_route=\/wp\/v2\/pages"}],"about":[{"href":"https:\/\/praworolnika.pl\/index.php?rest_route=\/wp\/v2\/types\/page"}],"author":[{"embeddable":true,"href":"https:\/\/praworolnika.pl\/index.php?rest_route=\/wp\/v2\/users\/1"}],"replies":[{"embeddable":true,"href":"https:\/\/praworolnika.pl\/index.php?rest_route=%2Fwp%2Fv2%2Fcomments&post=23"}],"version-history":[{"count":7,"href":"https:\/\/praworolnika.pl\/index.php?rest_route=\/wp\/v2\/pages\/23\/revisions"}],"predecessor-version":[{"id":91,"href":"https:\/\/praworolnika.pl\/index.php?rest_route=\/wp\/v2\/pages\/23\/revisions\/91"}],"wp:attachment":[{"href":"https:\/\/praworolnika.pl\/index.php?rest_route=%2Fwp%2Fv2%2Fmedia&parent=23"}],"curies":[{"name":"wp","href":"https:\/\/api.w.org\/{rel}","templated":true}]}}