{"id":24,"date":"2022-02-04T17:40:08","date_gmt":"2022-02-04T16:40:08","guid":{"rendered":"http:\/\/praworolnika.pl\/?page_id=24"},"modified":"2022-05-28T16:52:22","modified_gmt":"2022-05-28T14:52:22","slug":"o-mnie","status":"publish","type":"page","link":"https:\/\/praworolnika.pl\/?page_id=24","title":{"rendered":"O mnie"},"content":{"rendered":"\t\t<div data-elementor-type=\"wp-page\" data-elementor-id=\"24\" class=\"elementor elementor-24\">\n\t\t\t\t\t\t<section class=\"elementor-section elementor-top-section elementor-element elementor-element-ef159d4 elementor-section-boxed elementor-section-height-default elementor-section-height-default\" data-id=\"ef159d4\" data-element_type=\"section\">\n\t\t\t\t\t\t<div class=\"elementor-container elementor-column-gap-default\">\n\t\t\t\t\t<div class=\"elementor-column elementor-col-33 elementor-top-column elementor-element elementor-element-888bc41\" data-id=\"888bc41\" data-element_type=\"column\">\n\t\t\t<div class=\"elementor-widget-wrap elementor-element-populated\">\n\t\t\t\t\t\t<div class=\"elementor-element elementor-element-a3db8a4 elementor-widget elementor-widget-image\" data-id=\"a3db8a4\" data-element_type=\"widget\" data-widget_type=\"image.default\">\n\t\t\t\t<div class=\"elementor-widget-container\">\n\t\t\t\t\t\t\t\t\t\t\t\t\t<img fetchpriority=\"high\" decoding=\"async\" width=\"640\" height=\"960\" src=\"https:\/\/praworolnika.pl\/wp-content\/uploads\/2022\/02\/IMG_2026-1080p-683x1024-1.jpg\" class=\"attachment-large size-large wp-image-63\" alt=\"\" srcset=\"https:\/\/praworolnika.pl\/wp-content\/uploads\/2022\/02\/IMG_2026-1080p-683x1024-1.jpg 683w, https:\/\/praworolnika.pl\/wp-content\/uploads\/2022\/02\/IMG_2026-1080p-683x1024-1-200x300.jpg 200w\" sizes=\"(max-width: 640px) 100vw, 640px\" \/>\t\t\t\t\t\t\t\t\t\t\t\t\t<\/div>\n\t\t\t\t<\/div>\n\t\t\t\t\t<\/div>\n\t\t<\/div>\n\t\t\t\t<div class=\"elementor-column elementor-col-66 elementor-top-column elementor-element elementor-element-0345b1e\" data-id=\"0345b1e\" data-element_type=\"column\">\n\t\t\t<div class=\"elementor-widget-wrap elementor-element-populated\">\n\t\t\t\t\t\t<div class=\"elementor-element elementor-element-6ac7c80 elementor-widget elementor-widget-text-editor\" data-id=\"6ac7c80\" data-element_type=\"widget\" data-widget_type=\"text-editor.default\">\n\t\t\t\t<div class=\"elementor-widget-container\">\n\t\t\t\t\t\t\t<p>Jestem radc\u0105 prawnym i pomagam klientom w osi\u0105ganiu ich cel\u00f3w, doradzaj\u0105c zar\u00f3wno w zakresie spor\u00f3w s\u0105dowych jak i codziennym prowadzeniu dzia\u0142alno\u015bci gospodarczej, chocia\u017cby poprzez pomoc w redagowaniu um\u00f3w, prowadzeniu spor\u00f3w, windykacji nale\u017cno\u015bci, spor\u00f3w przed KIO, czy wdra\u017caniu norm RODO.<\/p><p>S\u0142u\u017c\u0119 tak\u017ce pomoc\u0105 konsumentom w sporach z przedsi\u0119biorcami, w szczeg\u00f3lno\u015bci w sprawach dotycz\u0105cych tzw. kredyt\u00f3w frankowych oraz rolnikom m.in. w ich sporach z organami pa\u0144stwa, w tym w post\u0119powaniach przeciwko ARiMR i ubezpieczycielami.<\/p><p>Pomagam r\u00f3wnie\u017c jednostkom samorz\u0105du terytorialnego w formu\u0142owaniu decyzji i uchwa\u0142, czy te\u017c w tworzeniu zapis\u00f3w SWZ, projekt\u00f3w um\u00f3w czy prowadzeniu spor\u00f3w przed KIO<\/p><p>Tworz\u0105c niniejszy blog dziel\u0119 si\u0119 swoimi do\u015bwiadczeniami w codziennej obs\u0142udze prawnej producent\u00f3w rolnych<\/p>\t\t\t\t\t\t<\/div>\n\t\t\t\t<\/div>\n\t\t\t\t\t<\/div>\n\t\t<\/div>\n\t\t\t\t\t<\/div>\n\t\t<\/section>\n\t\t\t\t<\/div>\n\t\t","protected":false},"excerpt":{"rendered":"<p>Jestem radc\u0105 prawnym i pomagam klientom w osi\u0105ganiu ich cel\u00f3w, doradzaj\u0105c zar\u00f3wno w zakresie spor\u00f3w s\u0105dowych jak i codziennym prowadzeniu dzia\u0142alno\u015bci gospodarczej, chocia\u017cby poprzez pomoc w redagowaniu um\u00f3w, prowadzeniu spor\u00f3w,&#8230;<\/p>\n","protected":false},"author":1,"featured_media":0,"parent":0,"menu_order":0,"comment_status":"closed","ping_status":"closed","template":"","meta":{"footnotes":""},"class_list":["post-24","page","type-page","status-publish","hentry"],"yoast_head":"<!-- This site is optimized with the Yoast SEO plugin v19.3 - https:\/\/yoast.com\/wordpress\/plugins\/seo\/ -->\n<title>O mnie - praworolnika.pl<\/title>\n<meta name=\"robots\" content=\"index, follow, max-snippet:-1, max-image-preview:large, max-video-preview:-1\" \/>\n<link rel=\"canonical\" href=\"https:\/\/praworolnika.pl\/?page_id=24\" \/>\n<meta property=\"og:locale\" content=\"pl_PL\" \/>\n<meta property=\"og:type\" content=\"article\" \/>\n<meta property=\"og:title\" content=\"O mnie - praworolnika.pl\" \/>\n<meta property=\"og:description\" content=\"Jestem radc\u0105 prawnym i pomagam klientom w osi\u0105ganiu ich cel\u00f3w, doradzaj\u0105c zar\u00f3wno w zakresie spor\u00f3w s\u0105dowych jak i codziennym prowadzeniu dzia\u0142alno\u015bci gospodarczej, chocia\u017cby poprzez pomoc w redagowaniu um\u00f3w, prowadzeniu spor\u00f3w,...\" \/>\n<meta property=\"og:url\" content=\"https:\/\/praworolnika.pl\/?page_id=24\" \/>\n<meta property=\"og:site_name\" content=\"praworolnika.pl\" \/>\n<meta property=\"article:modified_time\" content=\"2022-05-28T14:52:22+00:00\" \/>\n<meta property=\"og:image\" content=\"https:\/\/praworolnika.pl\/wp-content\/uploads\/2022\/02\/IMG_2026-1080p-683x1024-1.jpg\" \/>\n<meta name=\"twitter:card\" content=\"summary_large_image\" \/>\n<meta name=\"twitter:label1\" content=\"Szacowany czas czytania\" \/>\n\t<meta name=\"twitter:data1\" content=\"1 minuta\" \/>\n<script type=\"application\/ld+json\" class=\"yoast-schema-graph\">{\"@context\":\"https:\/\/schema.org\",\"@graph\":[{\"@type\":\"Organization\",\"@id\":\"https:\/\/praworolnika.pl\/#organization\",\"name\":\"praworolnika.pl\",\"url\":\"https:\/\/praworolnika.pl\/\",\"sameAs\":[],\"logo\":{\"@type\":\"ImageObject\",\"inLanguage\":\"pl-PL\",\"@id\":\"https:\/\/praworolnika.pl\/#\/schema\/logo\/image\/\",\"url\":\"https:\/\/praworolnika.pl\/wp-content\/uploads\/2022\/02\/cropped-praworolnika.pl_.png\",\"contentUrl\":\"https:\/\/praworolnika.pl\/wp-content\/uploads\/2022\/02\/cropped-praworolnika.pl_.png\",\"width\":390,\"height\":198,\"caption\":\"praworolnika.pl\"},\"image\":{\"@id\":\"https:\/\/praworolnika.pl\/#\/schema\/logo\/image\/\"}},{\"@type\":\"WebSite\",\"@id\":\"https:\/\/praworolnika.pl\/#website\",\"url\":\"https:\/\/praworolnika.pl\/\",\"name\":\"praworolnika.pl\",\"description\":\"\",\"publisher\":{\"@id\":\"https:\/\/praworolnika.pl\/#organization\"},\"potentialAction\":[{\"@type\":\"SearchAction\",\"target\":{\"@type\":\"EntryPoint\",\"urlTemplate\":\"https:\/\/praworolnika.pl\/?s={search_term_string}\"},\"query-input\":\"required name=search_term_string\"}],\"inLanguage\":\"pl-PL\"},{\"@type\":\"ImageObject\",\"inLanguage\":\"pl-PL\",\"@id\":\"https:\/\/praworolnika.pl\/?page_id=24#primaryimage\",\"url\":\"https:\/\/praworolnika.pl\/wp-content\/uploads\/2022\/02\/IMG_2026-1080p-683x1024-1.jpg\",\"contentUrl\":\"https:\/\/praworolnika.pl\/wp-content\/uploads\/2022\/02\/IMG_2026-1080p-683x1024-1.jpg\",\"width\":683,\"height\":1024},{\"@type\":\"WebPage\",\"@id\":\"https:\/\/praworolnika.pl\/?page_id=24\",\"url\":\"https:\/\/praworolnika.pl\/?page_id=24\",\"name\":\"O mnie - praworolnika.pl\",\"isPartOf\":{\"@id\":\"https:\/\/praworolnika.pl\/#website\"},\"primaryImageOfPage\":{\"@id\":\"https:\/\/praworolnika.pl\/?page_id=24#primaryimage\"},\"datePublished\":\"2022-02-04T16:40:08+00:00\",\"dateModified\":\"2022-05-28T14:52:22+00:00\",\"breadcrumb\":{\"@id\":\"https:\/\/praworolnika.pl\/?page_id=24#breadcrumb\"},\"inLanguage\":\"pl-PL\",\"potentialAction\":[{\"@type\":\"ReadAction\",\"target\":[\"https:\/\/praworolnika.pl\/?page_id=24\"]}]},{\"@type\":\"BreadcrumbList\",\"@id\":\"https:\/\/praworolnika.pl\/?page_id=24#breadcrumb\",\"itemListElement\":[{\"@type\":\"ListItem\",\"position\":1,\"name\":\"Home\",\"item\":\"https:\/\/praworolnika.pl\/\"},{\"@type\":\"ListItem\",\"position\":2,\"name\":\"O mnie\"}]}]}<\/script>\n<!-- \/ Yoast SEO plugin. -->","yoast_head_json":{"title":"O mnie - praworolnika.pl","robots":{"index":"index","follow":"follow","max-snippet":"max-snippet:-1","max-image-preview":"max-image-preview:large","max-video-preview":"max-video-preview:-1"},"canonical":"https:\/\/praworolnika.pl\/?page_id=24","og_locale":"pl_PL","og_type":"article","og_title":"O mnie - praworolnika.pl","og_description":"Jestem radc\u0105 prawnym i pomagam klientom w osi\u0105ganiu ich cel\u00f3w, doradzaj\u0105c zar\u00f3wno w zakresie spor\u00f3w s\u0105dowych jak i codziennym prowadzeniu dzia\u0142alno\u015bci gospodarczej, chocia\u017cby poprzez pomoc w redagowaniu um\u00f3w, prowadzeniu spor\u00f3w,...","og_url":"https:\/\/praworolnika.pl\/?page_id=24","og_site_name":"praworolnika.pl","article_modified_time":"2022-05-28T14:52:22+00:00","og_image":[{"url":"https:\/\/praworolnika.pl\/wp-content\/uploads\/2022\/02\/IMG_2026-1080p-683x1024-1.jpg"}],"twitter_card":"summary_large_image","twitter_misc":{"Szacowany czas czytania":"1 minuta"},"schema":{"@context":"https:\/\/schema.org","@graph":[{"@type":"Organization","@id":"https:\/\/praworolnika.pl\/#organization","name":"praworolnika.pl","url":"https:\/\/praworolnika.pl\/","sameAs":[],"logo":{"@type":"ImageObject","inLanguage":"pl-PL","@id":"https:\/\/praworolnika.pl\/#\/schema\/logo\/image\/","url":"https:\/\/praworolnika.pl\/wp-content\/uploads\/2022\/02\/cropped-praworolnika.pl_.png","contentUrl":"https:\/\/praworolnika.pl\/wp-content\/uploads\/2022\/02\/cropped-praworolnika.pl_.png","width":390,"height":198,"caption":"praworolnika.pl"},"image":{"@id":"https:\/\/praworolnika.pl\/#\/schema\/logo\/image\/"}},{"@type":"WebSite","@id":"https:\/\/praworolnika.pl\/#website","url":"https:\/\/praworolnika.pl\/","name":"praworolnika.pl","description":"","publisher":{"@id":"https:\/\/praworolnika.pl\/#organization"},"potentialAction":[{"@type":"SearchAction","target":{"@type":"EntryPoint","urlTemplate":"https:\/\/praworolnika.pl\/?s={search_term_string}"},"query-input":"required name=search_term_string"}],"inLanguage":"pl-PL"},{"@type":"ImageObject","inLanguage":"pl-PL","@id":"https:\/\/praworolnika.pl\/?page_id=24#primaryimage","url":"https:\/\/praworolnika.pl\/wp-content\/uploads\/2022\/02\/IMG_2026-1080p-683x1024-1.jpg","contentUrl":"https:\/\/praworolnika.pl\/wp-content\/uploads\/2022\/02\/IMG_2026-1080p-683x1024-1.jpg","width":683,"height":1024},{"@type":"WebPage","@id":"https:\/\/praworolnika.pl\/?page_id=24","url":"https:\/\/praworolnika.pl\/?page_id=24","name":"O mnie - praworolnika.pl","isPartOf":{"@id":"https:\/\/praworolnika.pl\/#website"},"primaryImageOfPage":{"@id":"https:\/\/praworolnika.pl\/?page_id=24#primaryimage"},"datePublished":"2022-02-04T16:40:08+00:00","dateModified":"2022-05-28T14:52:22+00:00","breadcrumb":{"@id":"https:\/\/praworolnika.pl\/?page_id=24#breadcrumb"},"inLanguage":"pl-PL","potentialAction":[{"@type":"ReadAction","target":["https:\/\/praworolnika.pl\/?page_id=24"]}]},{"@type":"BreadcrumbList","@id":"https:\/\/praworolnika.pl\/?page_id=24#breadcrumb","itemListElement":[{"@type":"ListItem","position":1,"name":"Home","item":"https:\/\/praworolnika.pl\/"},{"@type":"ListItem","position":2,"name":"O mnie"}]}]}},"_links":{"self":[{"href":"https:\/\/praworolnika.pl\/index.php?rest_route=\/wp\/v2\/pages\/24","targetHints":{"allow":["GET"]}}],"collection":[{"href":"https:\/\/praworolnika.pl\/index.php?rest_route=\/wp\/v2\/pages"}],"about":[{"href":"https:\/\/praworolnika.pl\/index.php?rest_route=\/wp\/v2\/types\/page"}],"author":[{"embeddable":true,"href":"https:\/\/praworolnika.pl\/index.php?rest_route=\/wp\/v2\/users\/1"}],"replies":[{"embeddable":true,"href":"https:\/\/praworolnika.pl\/index.php?rest_route=%2Fwp%2Fv2%2Fcomments&post=24"}],"version-history":[{"count":10,"href":"https:\/\/praworolnika.pl\/index.php?rest_route=\/wp\/v2\/pages\/24\/revisions"}],"predecessor-version":[{"id":127,"href":"https:\/\/praworolnika.pl\/index.php?rest_route=\/wp\/v2\/pages\/24\/revisions\/127"}],"wp:attachment":[{"href":"https:\/\/praworolnika.pl\/index.php?rest_route=%2Fwp%2Fv2%2Fmedia&parent=24"}],"curies":[{"name":"wp","href":"https:\/\/api.w.org\/{rel}","templated":true}]}}